{"id":70,"date":"2024-07-23T19:51:56","date_gmt":"2024-07-23T19:51:56","guid":{"rendered":"https:\/\/mutualara.com.ar\/tiendaventas\/?post_type=product&#038;p=70"},"modified":"2024-09-23T17:28:08","modified_gmt":"2024-09-23T17:28:08","slug":"auricular-daewoo-candy-spark-cs3105-ltb","status":"publish","type":"product","link":"https:\/\/mutualara.com.ar\/tiendaventas\/producto\/auricular-daewoo-candy-spark-cs3105-ltb\/","title":{"rendered":"Auricular Daewoo Candy Spark CS3105-LTB"},"content":{"rendered":"<p>Auriculares Spark Candy Daewoo Inalambricos Bluetooth Colores<\/p>\n<p>Modelo<br \/>\nDW-CS310s<\/p>\n<p>Especificaci\u00f3n T\u00e9cnicas<br \/>\nBATER\u00cdA<br \/>\nBATER\u00cdA LITIO 300MAH<br \/>\nREDES M\u00d3VILES E INAL\u00c1MBRICAS<br \/>\nBLUETOOTH SI<br \/>\nDIMENSIONES<br \/>\nANCHO 9.0CM<br \/>\nALTO 9.0CM<br \/>\nPROFUNDIDAD 3.0CM<br \/>\nDIMENSIONES DEL EMBALAJE (ALTOXANCHOXPROFUNDIDAD) 0.090X0.090X0.030MTS<br \/>\n___________________________<br \/>\nMercado Lider Platinum<br \/>\nAl hora de comprar en ML, la confianza que genera el vendedor es lo m\u00e1s importante para tomar la decisi\u00f3n. Con 100% de nuestras calificaciones positivas, Techcel te ofrece la mejor atenci\u00f3n y un servicio postventa incomparable, solucionamos todos los inconvenientes posibles para que nuestros clientes tengan una excelente experiencia de compra y nos recomienden.<br \/>\nEs por esto que fuimos premiados con la categor\u00eda de Mercado Lider Platinum<\/p>\n<p>Politicas de pago<br \/>\nPagos \u00fanicamente a trav\u00e9s de Mercado Pago<br \/>\nPara calcular las cuotas y ver los medios de pago disponible de Mercado Pago, clickear \u201cM\u00e1s informaci\u00f3n\u201d abajo del precio en la publicaci\u00f3n .<\/p>\n<p>Politica de envios<br \/>\nEnviamos GRATIS a todo el pa\u00eds a trav\u00e9s de Mercado Env\u00edos.<br \/>\nDespachamos los paquetes el d\u00eda siguiente a la compra<\/p>\n<p>FACTURACION<br \/>\nRealizamos factura A y B<br \/>\nTodos nuestros productos son industria local con 12 meses de garant\u00eda oficial del fabricante<\/p>\n<p>Garant\u00eda<br \/>\nGarant\u00eda oficial del fabricante por 12 meses.<\/p>\n","protected":false},"excerpt":{"rendered":"<p>Auriculares Spark Candy Daewoo Inalambricos Bluetooth Colores Modelo DW-CS310s Especificaci\u00f3n T\u00e9cnicas BATER\u00cdA BATER\u00cdA LITIO 300MAH REDES M\u00d3VILES E INAL\u00c1MBRICAS BLUETOOTH SI DIMENSIONES ANCHO 9.0CM ALTO 9.0CM PROFUNDIDAD 3.0CM DIMENSIONES DEL EMBALAJE (ALTOXANCHOXPROFUNDIDAD) 0.090X0.090X0.030MTS ___________________________ Mercado Lider Platinum Al hora de comprar en ML, la confianza que genera el vendedor es lo m\u00e1s importante para tomar [&hellip;]<\/p>\n","protected":false},"featured_media":71,"comment_status":"open","ping_status":"closed","template":"","meta":[],"product_cat":[15,27],"product_tag":[],"class_list":["post-70","product","type-product","status-publish","has-post-thumbnail","hentry","product_cat-productos","product_cat-tecnologia","wcpa_has_options"],"_links":{"self":[{"href":"https:\/\/mutualara.com.ar\/tiendaventas\/wp-json\/wp\/v2\/product\/70","targetHints":{"allow":["GET"]}}],"collection":[{"href":"https:\/\/mutualara.com.ar\/tiendaventas\/wp-json\/wp\/v2\/product"}],"about":[{"href":"https:\/\/mutualara.com.ar\/tiendaventas\/wp-json\/wp\/v2\/types\/product"}],"replies":[{"embeddable":true,"href":"https:\/\/mutualara.com.ar\/tiendaventas\/wp-json\/wp\/v2\/comments?post=70"}],"wp:featuredmedia":[{"embeddable":true,"href":"https:\/\/mutualara.com.ar\/tiendaventas\/wp-json\/wp\/v2\/media\/71"}],"wp:attachment":[{"href":"https:\/\/mutualara.com.ar\/tiendaventas\/wp-json\/wp\/v2\/media?parent=70"}],"wp:term":[{"taxonomy":"product_cat","embeddable":true,"href":"https:\/\/mutualara.com.ar\/tiendaventas\/wp-json\/wp\/v2\/product_cat?post=70"},{"taxonomy":"product_tag","embeddable":true,"href":"https:\/\/mutualara.com.ar\/tiendaventas\/wp-json\/wp\/v2\/product_tag?post=70"}],"curies":[{"name":"wp","href":"https:\/\/api.w.org\/{rel}","templated":true}]}}