{"id":99,"date":"2024-07-24T16:56:07","date_gmt":"2024-07-24T16:56:07","guid":{"rendered":"https:\/\/mutualara.com.ar\/tiendaventas\/?post_type=product&#038;p=99"},"modified":"2024-09-23T17:17:50","modified_gmt":"2024-09-23T17:17:50","slug":"termo-deportivo-flip-stanley","status":"publish","type":"product","link":"https:\/\/mutualara.com.ar\/tiendaventas\/producto\/termo-deportivo-flip-stanley\/","title":{"rendered":"Termo Deportivo Flip Stanley"},"content":{"rendered":"<p>Porque algunas cosas son para toda la vida, este termo Stanley fue pensado para acompa\u00f1arte a trav\u00e9s de los a\u00f1os, ya que durabilidad y estilo son las palabras que definen a la marca. Gracias a su resistencia, obtendr\u00e1s un gran rendimiento t\u00e9rmico y garantizar\u00e1s que el l\u00edquido permanezca con la temperatura ideal por m\u00e1s tiempo. Adem\u00e1s, al ser a prueba de fugas, dejar\u00e1s de preocuparte por posibles derrames mientras realiz\u00e1s largos viajes o de camino al trabajo.<\/p>\n","protected":false},"excerpt":{"rendered":"<p>Porque algunas cosas son para toda la vida, este termo Stanley fue pensado para acompa\u00f1arte a trav\u00e9s de los a\u00f1os, ya que durabilidad y estilo son las palabras que definen a la marca. Gracias a su resistencia, obtendr\u00e1s un gran rendimiento t\u00e9rmico y garantizar\u00e1s que el l\u00edquido permanezca con la temperatura ideal por m\u00e1s tiempo. [&hellip;]<\/p>\n","protected":false},"featured_media":100,"comment_status":"open","ping_status":"closed","template":"","meta":[],"product_cat":[25],"product_tag":[],"class_list":["post-99","product","type-product","status-publish","has-post-thumbnail","hentry","product_cat-hogar","wcpa_has_options"],"_links":{"self":[{"href":"https:\/\/mutualara.com.ar\/tiendaventas\/wp-json\/wp\/v2\/product\/99","targetHints":{"allow":["GET"]}}],"collection":[{"href":"https:\/\/mutualara.com.ar\/tiendaventas\/wp-json\/wp\/v2\/product"}],"about":[{"href":"https:\/\/mutualara.com.ar\/tiendaventas\/wp-json\/wp\/v2\/types\/product"}],"replies":[{"embeddable":true,"href":"https:\/\/mutualara.com.ar\/tiendaventas\/wp-json\/wp\/v2\/comments?post=99"}],"wp:featuredmedia":[{"embeddable":true,"href":"https:\/\/mutualara.com.ar\/tiendaventas\/wp-json\/wp\/v2\/media\/100"}],"wp:attachment":[{"href":"https:\/\/mutualara.com.ar\/tiendaventas\/wp-json\/wp\/v2\/media?parent=99"}],"wp:term":[{"taxonomy":"product_cat","embeddable":true,"href":"https:\/\/mutualara.com.ar\/tiendaventas\/wp-json\/wp\/v2\/product_cat?post=99"},{"taxonomy":"product_tag","embeddable":true,"href":"https:\/\/mutualara.com.ar\/tiendaventas\/wp-json\/wp\/v2\/product_tag?post=99"}],"curies":[{"name":"wp","href":"https:\/\/api.w.org\/{rel}","templated":true}]}}